{"id":665,"date":"2023-01-05T20:05:53","date_gmt":"2023-01-05T20:05:53","guid":{"rendered":"https:\/\/aknotraction.hr\/?page_id=665"},"modified":"2023-01-05T20:05:56","modified_gmt":"2023-01-05T20:05:56","slug":"izjava-o-davanju-suglasnosti-za-pruzanje-i-obradu-osobnih-podataka","status":"publish","type":"page","link":"https:\/\/aknotraction.hr\/?page_id=665","title":{"rendered":"<strong>Izjava o davanju suglasnosti za pru\u017eanje i obradu osobnih podataka<\/strong>"},"content":{"rendered":"\n<p><\/p>\n\n\n\n<p>AK No Traction kao Voditelj zbirke osobnih podataka, obavje\u0161tava Vas da se Va\u0161i osobni podatci dostavljeni ispunjavanjem ove pristupnice prikupljaju i da \u0107e biti obra\u0111eni.<\/p>\n\n\n\n<p>Prihva\u0107anjem Izjave smatra se da slobodno i izri\u010dito dajete Va\u0161u privolu za prikupljanje i daljnju obradu Va\u0161ih osobnih podataka ustupljenih AK No Traction kao korisniku putem mre\u017ene stranice u svrhe koje su ovdje izri\u010dito navedene.<\/p>\n\n\n\n<p>\u010clanstvo u AK No Traction je dobrovoljno. Kako bi se ostvario status \u010dlana, ispitanik je obvezan pru\u017eiti odre\u0111ene osobne podatke koje Klub prikuplja o svojim \u010dlanovima, sukladno Zakonu o udrugama (Narodne novine, br. 74\/14.). Neprihva\u0107anje Izjave i\/ili nepru\u017eanje tra\u017eenih podataka za posljedicu ima odbijanje pristupnice. Pru\u017eanje ostalih podataka ozna\u010denih kao neobveznih je dobrovoljno i njihovo nepru\u017eanje nema posljedica niti o njima ovisi prihva\u0107anje u \u010dlanstvo.<\/p>\n\n\n\n<p>Prihva\u0107anjem ove Izjave i ustupanjem Va\u0161ih osobnih podataka unosom u Pristupnicu smatra se da ste suglasni s njihovom obradom. Ustupljeni osobni podatci bit \u0107e obra\u0111eni u svrhu vo\u0111enja evidencije \u010dlanstva u skladu sa Zakonom o udrugama (Narodne novine 74\/14), administracije i upravljanje uslugama, marketin\u0161ke svrhe (dostavljanje informacija, ponuda i promid\u017ebenih materijala o proizvodima i\/ili uslugama Kluba i njegovih partnera).<\/p>\n\n\n\n<p>Va\u0161e obra\u0111ene podatke \u010duvat \u0107emo dok traje va\u0161 status \u010dlana, nakon \u010dega \u0107e se oni automatski brisati prema propisanim procedurama Op\u0107om uredbom (EU) broja 2016\/679 Europskog parlamenta i vije\u0107a o za\u0161titi osobnih podataka (GDPR). Odre\u0111eni podatci ostat \u0107e sa\u010duvani trajno, kao arhivska gra\u0111a AK No Tractiona, no ne\u0107e biti obra\u0111ivani niti kori\u0161teni u bilo koje druge svrhe.<\/p>\n\n\n\n<p>Obradi osobnih podataka u navedene svrhe mo\u017eete se u svako doba usprotiviti i opozvati danu privolu.<\/p>\n\n\n\n<p>AK No Traction \u0107e s Va\u0161im osobnim podatcima postupati sukladno Zakonu o za\u0161titi osobnih podataka, odnosno Op\u0107oj uredbi (EU) o za\u0161titi osobnih podataka (GDPR) uz primjenu odgovaraju\u0107ih fizi\u010dkih i tehni\u010dko-sigurnosnih mjera za\u0161tite osobnih podataka od neovla\u0161tenog pristupa, zlouporabe, otkrivanja, gubitka ili uni\u0161tenja.<\/p>\n\n\n\n<p>AK No Traction po\u0161tuje i \u0161titi privatnost svojih korisnika i posjetitelja mre\u017enih stranica, \u010duva povjerljivost Va\u0161ih osobnih podataka, te onemogu\u0107ava pristup i priop\u0107avanje Va\u0161ih osobnih podataka ijednoj tre\u0107oj strani, osim svojim zaposlenicima i Izvr\u0161iteljima obrade radi provedbe osnovnih aktivnosti vezanih uz djelatnosti Kluba. Va\u0161i osobni podatci ne mogu se priop\u0107avati tre\u0107im osobama bez Va\u0161e prethodne izri\u010dite privole, osim:<\/p>\n\n\n\n<ul class=\"wp-block-list\">\n<li>drugim pravnim osobama s kojima AK No Traction ima poslovne odnose i koje za AK No Traction obavljaju odre\u0111ene usluge, a s kojima \u0107e dio podataka korisnika biti podijeljeni ako su oni nu\u017eni za potrebe ispunjenja ugovornih obveza.<\/li>\n\n\n\n<li>AK No Traction \u0107e podatke korisnika proslijediti i Udru\u017eenjima ili dr\u017eavnim institucijama u slu\u010daju kada za to postoji zakonska osnova.<\/li>\n<\/ul>\n\n\n\n<p>Voditelj zbirke Va\u0161ih osobnih podataka je AK No Traction.<\/p>\n\n\n\n<p>U svakom trenutku mo\u017eete dobiti uvid u svoje osobne podatke koji se obra\u0111uju, te zatra\u017eiti ispravak, izmjenu ili dopunu podataka obra\u0107anjem tajni\u0161tvu AK No Tractiona.<\/p>\n\n\n\n<p>U svakom trenutku imate pravo na podno\u0161enje prigovora nadzornom i\/ili upravnom odboru AK No Tractiona e-po\u0161tom.<\/p>\n\n\n\n<p>Va\u0161u privolu danu za obradu podataka mo\u017eete u bilo kojem trenutku, u potpunosti ili djelomice, bez naknade i obja\u0161njenja, povu\u0107i\/opozvati, odnosno od nje odustati i zatra\u017eiti prestanak aktivnosti obrade va\u0161ih osobnih podataka i marketin\u0161ke aktivnosti usmjerene prema Vama. Opoziv privole mo\u017eete podnijeti e-po\u0161tom.<\/p>\n","protected":false},"excerpt":{"rendered":"<p>AK No Traction kao Voditelj zbirke osobnih podataka, obavje\u0161tava Vas da se Va\u0161i osobni podatci dostavljeni ispunjavanjem ove pristupnice prikupljaju i da \u0107e biti obra\u0111eni. Prihva\u0107anjem Izjave smatra se da slobodno i izri\u010dito dajete Va\u0161u privolu za prikupljanje i daljnju obradu Va\u0161ih osobnih podataka ustupljenih AK No Traction kao korisniku putem mre\u017ene stranice u svrhe koje su ovdje izri\u010dito navedene. \u010clanstvo u AK No Traction je dobrovoljno. Kako bi se ostvario status \u010dlana, ispitanik je obvezan pru\u017eiti odre\u0111ene osobne podatke koje Klub prikuplja o svojim \u010dlanovima, sukladno Zakonu o udrugama (Narodne novine, br. 74\/14.). Neprihva\u0107anje Izjave i\/ili nepru\u017eanje tra\u017eenih&hellip;<\/p>\n","protected":false},"author":1,"featured_media":0,"parent":0,"menu_order":0,"comment_status":"closed","ping_status":"closed","template":"","meta":{"_eb_attr":"","om_disable_all_campaigns":false,"_monsterinsights_skip_tracking":false,"_monsterinsights_sitenote_active":false,"_monsterinsights_sitenote_note":"","_monsterinsights_sitenote_category":0,"footnotes":""},"class_list":["post-665","page","type-page","status-publish","hentry"],"aioseo_notices":[],"rttpg_featured_image_url":null,"rttpg_author":{"display_name":"admin","author_link":"https:\/\/aknotraction.hr\/?author=1"},"rttpg_comment":0,"rttpg_category":null,"rttpg_excerpt":"AK No Traction kao Voditelj zbirke osobnih podataka, obavje\u0161tava Vas da se Va\u0161i osobni podatci dostavljeni ispunjavanjem ove pristupnice prikupljaju i da \u0107e biti obra\u0111eni. Prihva\u0107anjem Izjave smatra se da slobodno i izri\u010dito dajete Va\u0161u privolu za prikupljanje i daljnju obradu Va\u0161ih osobnih podataka ustupljenih AK No Traction kao korisniku putem mre\u017ene stranice u svrhe&hellip;","_links":{"self":[{"href":"https:\/\/aknotraction.hr\/index.php?rest_route=\/wp\/v2\/pages\/665","targetHints":{"allow":["GET"]}}],"collection":[{"href":"https:\/\/aknotraction.hr\/index.php?rest_route=\/wp\/v2\/pages"}],"about":[{"href":"https:\/\/aknotraction.hr\/index.php?rest_route=\/wp\/v2\/types\/page"}],"author":[{"embeddable":true,"href":"https:\/\/aknotraction.hr\/index.php?rest_route=\/wp\/v2\/users\/1"}],"replies":[{"embeddable":true,"href":"https:\/\/aknotraction.hr\/index.php?rest_route=%2Fwp%2Fv2%2Fcomments&post=665"}],"version-history":[{"count":2,"href":"https:\/\/aknotraction.hr\/index.php?rest_route=\/wp\/v2\/pages\/665\/revisions"}],"predecessor-version":[{"id":667,"href":"https:\/\/aknotraction.hr\/index.php?rest_route=\/wp\/v2\/pages\/665\/revisions\/667"}],"wp:attachment":[{"href":"https:\/\/aknotraction.hr\/index.php?rest_route=%2Fwp%2Fv2%2Fmedia&parent=665"}],"curies":[{"name":"wp","href":"https:\/\/api.w.org\/{rel}","templated":true}]}}